{"id":4072,"date":"2024-03-02T01:28:46","date_gmt":"2024-03-02T01:28:46","guid":{"rendered":"https:\/\/chocokhi.vn\/san-pham\/may-cua-vong-g520-39\/"},"modified":"2024-03-02T01:28:46","modified_gmt":"2024-03-02T01:28:46","slug":"may-cua-vong-g520-39","status":"publish","type":"product","link":"https:\/\/chocokhi.vn\/san-pham\/may-cua-vong-g520-39.html","title":{"rendered":"M\u00e1y c\u01b0a v\u00f2ng G520"},"content":{"rendered":"<\/p>\n<div class=\"tab\">\n<p><span style=\"line-height:1.7em\"><span style=\"font-family:times new roman,times,serif\"><strong>M\u00e1y c\u01b0a v\u00f2ng G520<\/strong> \u0111\u01b0\u1ee3c t\u00edch h\u1ee3p c\u00f4ng ngh\u1ec7 NC100, \u0111\u00e2y l\u00e0 c\u00f4ng ngh\u1ec7 hi\u1ec7n \u0111\u1ea1i nh\u1ea5t hi\u1ec7n nay .C\u00f3 th\u1ec3 ch\u1ea1y t\u1ef1 \u0111\u1ed9ng 100 ch\u01b0\u01a1ng tr\u00ecnh. \u0110\u1eb7t bi\u1ec7t, ng\u01b0\u1eddi d\u00f9ng c\u00f3 th\u1ec3 set ch\u01b0\u01a1ng tr\u00ecnh v\u1edbi s\u1ed1 l\u01b0\u1ee3ng v\u00e0 \u0111\u1ed9 d\u00e0i v\u1eadt li\u1ec7u c\u1eaft kh\u00e1c nhau.<\/span><\/span><\/p>\n<p>\u00a0<\/p>\n<p><span style=\"font-size:14px\"><span style=\"font-family:times new roman,times,serif\">\u00a0 \u00a0 \u00a0 \u00a0 \u00a0 \u00a0 \u00a0 \u00a0 \u00a0 \u00a0 \u00a0 \u00a0 \u00a0 \u00a0 \u00a0 \u00a0 \u00a0 \u00a0 \u00a0 \u00a0 \u00a0 \u00a0 \u00a0 \u00a0 \u00a0 \u00a0 \u00a0 \u00a0 \u00a0 \u00a0 \u00a0\u00a0<img loading=\"lazy\" decoding=\"async\" height=\"324\" src=\"https:\/\/chocokhi.vn\/wp-content\/uploads\/2024\/03\/5201.png\" width=\"486\" title=\"5201\"><\/span><\/span><\/p>\n<p>\u00a0<\/p>\n<p>\u00a0<\/p>\n<table border=\"1\" cellpadding=\"1\" cellspacing=\"1\" style=\"height:40px;width:500px\">\n<tbody>\n<tr>\n<td style=\"text-align: center\"><span style=\"font-size:14px\"><span style=\"font-family:times new roman,times,serif\"><span style=\"color:#FFF0F5\"><strong>TH\u00d4NG S\u1ed0 K\u1ef8 THU\u1eacT M\u00c1Y C\u01afA V\u00d2NG\u00a0G520 GOLD SAWS<\/strong><\/span><\/span><\/span><\/td>\n<\/tr>\n<\/tbody>\n<\/table>\n<p>\n<span style=\"font-size:14px\"><span style=\"font-family:times new roman,times,serif\"><img loading=\"lazy\" decoding=\"async\" height=\"415\" src=\"https:\/\/chocokhi.vn\/wp-content\/uploads\/2024\/03\/thc3b4ng20se1bb9120mc3a1y20cc6b0a20520.png\" width=\"534\" title=\"thc3b4ng20se1bb9120mc3a1y20cc6b0a20520\"><\/span><\/span><\/p>\n<table border=\"1\" cellpadding=\"1\" cellspacing=\"1\" style=\"height:40px;width:500px\">\n<tbody>\n<tr>\n<td style=\"text-align: center\">\n<p><span style=\"font-size:14px\"><span style=\"font-family:times new roman,times,serif\"><span style=\"color:#FFF0F5\"><strong>NGUY\u00caN L\u00dd HO\u1ea0T \u0110\u1ed8NG C\u1ee6A M\u00c1Y C\u01afA V\u00d2NG G520<\/strong><\/span><\/span><\/span><\/p>\n<\/td>\n<\/tr>\n<\/tbody>\n<\/table>\n<p>\u00a0<\/p>\n<p style=\"margin: 0px 0px 10px;font-family:\"><span style=\"font-size:14px\"><span style=\"line-height:1.7em\"><span style=\"font-family:times new roman,times,serif\"><big><span>1.K\u1eb9p gi\u1eef chi ti\u1ebft b\u1eb1ng E-T\u00f4 th\u1ee7y l\u1ef1c,khi m\u00e1y x\u00e1c \u0111\u1ecbnh \u0111\u1ee7 l\u1ef1c k\u1eb9p s\u1ebd cho ph\u00e9p th\u1ef1c hi\u1ec7n b\u01b0\u1edbc ti\u1ebfp theo.<\/span><\/big><\/span><\/span><\/span><\/p>\n<p style=\"margin: 0px 0px 10px;font-family:\"><span style=\"font-size:14px\"><span style=\"line-height:1.7em\"><span style=\"font-family:times new roman,times,serif\"><big><span>2.B\u01b0\u1edbc c\u1eaft \u0111\u01b0\u1ee3c \u0111i\u1ec1u ch\u1ec9nh b\u1eb1ng vale th\u1ee7y l\u1ef1c,th\u00e2n c\u01b0a \u0111i xu\u1ed1ng \u0111\u01b0\u1ee3c quy\u1ebft \u0111\u1ecbnh b\u1edfi tr\u1ecdng l\u1ef1c c\u1ee7a th\u00e2n c\u01b0a v\u00e0 ben th\u1ee7y l\u1ef1c.<\/span><\/big><\/span><\/span><\/span><\/p>\n<p style=\"margin: 0px 0px 10px;font-family:\"><span style=\"line-height:1.7em\"><span style=\"font-size:14px\"><span style=\"font-family:times new roman,times,serif\"><big><span>3.Sau khi c\u1eaft xong c\u1ea7n c\u01b0a s\u1ebd \u0111\u01b0\u1ee3c t\u1ef1 \u0111\u1ed9ng tr\u1ea3 v\u1ec1 v\u1ecb tr\u00ed ban \u0111\u1ea7u,th\u00e2n c\u01b0a \u0111\u01b0\u1ee3c n\u00e2ng l\u00ean tr\u1ea3 v\u1ec1 v\u1ecb tr\u00ed b\u1ea1n \u0111\u1ea7u nh\u1edd ben th\u1ee7y l\u1ef1c v\u00e0 b\u01a1m th\u1ee7y l\u1ef1c,\u00ca-To th\u1ee7y l\u1ef1c s\u1ebd\u00a0m\u1edf ra.v\u00e0 k\u1ebft th\u00fac \u0111\u01b0\u1eddng c\u01b0a.<\/span><\/big><\/span><\/span><\/span><\/p>\n<p style=\"margin: 0px 0px 10px;font-family:\">\u00a0<\/p>\n<table border=\"1\" cellpadding=\"1\" cellspacing=\"1\" style=\"height:40px;width:500px\">\n<tbody>\n<tr>\n<td style=\"text-align: center\"><span style=\"font-size:14px\"><span style=\"font-family:times new roman,times,serif\"><span style=\"color:#FFF0F5\"><strong>T\u00cdNH N\u0102NG N\u1ed4I TR\u1ed8I C\u1ee6A M\u00c1Y C\u01afA V\u00d2NG GOLD SAWS<\/strong><\/span><\/span><\/span><\/td>\n<\/tr>\n<\/tbody>\n<\/table>\n<p style=\"margin: 0px 0px 10px;font-family:\"><span style=\"font-size:14px\"><span style=\"font-family:times new roman,times,serif\"><span>.<\/span><\/span><\/span><\/p>\n<p style=\"margin: 0px 0px 10px;font-family:\"><span style=\"line-height:1.7em\"><span style=\"font-family:times new roman,times,serif\"><span>1.M\u00e1y c\u00f3 k\u1ebft c\u1ea5u khoa h\u1ecdc,thao t\u00e1c d\u1ec5 d\u00e0ng,kh\u1ea3 n\u0103ng t\u1eadn d\u1ee5ng v\u1eadt li\u1ec7u t\u1ed1i \u0111a.<\/span><\/span><\/span><\/p>\n<p style=\"margin: 0px 0px 10px;font-family:\"><span style=\"line-height:1.7em\"><span style=\"font-family:times new roman,times,serif\"><span><span>2. M\u00e1y co\u0301 th\u00ea\u0309 c\u0103\u0301t \u0111\u01b0\u01a1\u0323c nhi\u00ea\u0300u loa\u0323i v\u00e2\u0323t li\u00ea\u0323u n\u0103\u0323ng va\u0300 \u0111\u00f4\u0323 da\u0300y l\u01a1\u0301n.<\/span><\/span><\/span><\/span><\/p>\n<p style=\"margin: 0px 0px 10px;font-family:\"><span style=\"line-height:1.7em\"><span style=\"font-family:times new roman,times,serif\"><span><span>3. M\u00e1y k\u1eb9p ph\u00f4i b\u1eb1ng E-T\u00f4 c\u00f3 h\u1ec7 th\u1ed1ng th\u1ee7y l\u1ef1c \u0111i\u1ec1u khi\u1ec3n.<\/span><\/span><\/span><\/span><\/p>\n<p style=\"margin: 0px 0px 10px;font-family:\"><span style=\"line-height:1.7em\"><span style=\"font-family:times new roman,times,serif\"><span><span>4 . Ngoa\u0300i ra sau khi c\u1eaft kh\u00f4ng t\u00f4\u0301n th\u01a1\u0300i gian gia c\u00f4ng la\u0323i b\u00ea\u0300 m\u0103\u0323t,Vi\u0300 khi s\u01b0\u0309 du\u0323ng loa\u0323i ma\u0301y c\u01b0a Gold saws c\u00f4\u0323ng v\u01a1\u0301i l\u01b0\u01a1\u0303i c\u01b0a Honsberg phu\u0300 h\u01a1\u0323p s\u1ebd ta\u0323o n\u00ean b\u00ea\u0300 m\u0103\u0323t co\u0301 \u0111\u00f4\u0323 th\u00e2\u0309m my\u0303 cao, \u0111a\u0323t ch\u00e2\u0301t l\u01b0\u01a1\u0323ng y\u00eau c\u00e2\u0300u.<\/span><\/span><\/span><\/span><\/p>\n<p style=\"margin: 0px 0px 10px;font-family:\">\u00a0<\/p>\n<table border=\"1\" cellpadding=\"1\" cellspacing=\"1\" style=\"height:40px;width:500px\">\n<tbody>\n<tr>\n<td><span style=\"font-size:14px\"><span style=\"font-family:times new roman,times,serif\"><strong>\u00a0 \u00a0 \u00a0\u00a0<span style=\"color:#F0FFF0\">V\u1eacT LI\u1ec6U M\u00c1Y C\u01afA G520 M\u00c1Y C\u00d3 TH\u1ec2 C\u1eaeT \u0110\u01af\u1ee2C\u00a0<\/span><\/strong><\/span><\/span><\/td>\n<\/tr>\n<\/tbody>\n<\/table>\n<p>\u00a0<\/p>\n<p>\u00a0<\/p>\n<p><span style=\"font-size:14px\"><span style=\"font-family:times new roman,times,serif\">\u00a0\u00a0<img loading=\"lazy\" decoding=\"async\" height=\"270\" src=\"https:\/\/chocokhi.vn\/wp-content\/uploads\/2024\/03\/hc3acnh20sp20mc3a1y20cc6b0a20ce1baaft.jpg\" width=\"474\" title=\"hc3acnh20sp20mc3a1y20cc6b0a20ce1baaft\">\u00a0\u00a0<img loading=\"lazy\" decoding=\"async\" height=\"272\" src=\"https:\/\/chocokhi.vn\/wp-content\/uploads\/2024\/03\/mc3a1y20ce1baaft.jpg\" style=\"cursor: default\" width=\"413\" title=\"mc3a1y20ce1baaft\"><\/span><\/span><\/p>\n<p>\u00a0<\/p>\n<p><span style=\"font-size:14px\"><span style=\"font-family:times new roman,times,serif\">\u00a0 \u00a0\u00a0<strong>M\u00e1y c\u00f3 c\u1eaft \u0111\u01b0\u1ee3c c\u00e1c lo\u1ea1i s\u1eaft \u0111\u1eb7c\u00a0 \u00a0 \u00a0 \u00a0 \u00a0 \u00a0 <\/strong>\u00a0 \u00a0 \u00a0 \u00a0 \u00a0 \u00a0 \u00a0 \u00a0 \u00a0 \u00a0 \u00a0 \u00a0 \u00a0 \u00a0 \u00a0 \u00a0 \u00a0 \u00a0 \u00a0 \u00a0 \u00a0 \u00a0 \u00a0 \u00a0 \u00a0<strong>\u00a0 \u00a0M\u00e1y c\u00f3 th\u1ec3 c\u1eaft \u0111\u01b0\u1ee3c\u00a0<span style=\"text-align: center\">v\u1eadt li\u1ec7u d\u1ea7m\u00a0I,L,H&#8230;<\/span><\/strong><\/span><\/span><\/p>\n<p>\u00a0<\/p>\n<p style=\"margin: 0px 0px 10px;font-family:\"><span style=\"font-size:14px\"><span style=\"font-family:times new roman,times,serif\"><span><span>\u00a0<\/span><\/span><\/span><\/span><\/p>\n<p style=\"margin: 0px 0px 10px;font-family:\">\u00a0<\/p>\n<div style=\"font-family:\"><span style=\"font-size:14px\"><span style=\"font-family:times new roman,times,serif\"><\/span><\/span><\/div>\n<p>\u00a0<\/p>\n<\/p><\/div>\n","protected":false},"excerpt":{"rendered":"<div class=\"ndung_mota clearfix\">\n<table border=\"0\" cellpadding=\"0\" cellspacing=\"0\" style=\"margin: 0px;padding: 0px;font-family: roboto;border-collapse: collapse;width: 515px\" width=\"515\">\n<tbody style=\"margin: 0px;padding: 0px\">\n<tr style=\"margin: 0px;padding: 0px;height: 21px\">\n<td align=\"left\" height=\"21\" style=\"margin: 0px;padding: 0px;height: 21px;width: 515px\"><span style='margin: 0px;padding: 0px;font-family: \"times new roman\", times, serif'><span style=\"margin: 0px;padding: 0px\"><span style=\"margin: 0px;padding: 0px;font-size: 14px\"><img loading=\"lazy\" decoding=\"async\" alt=\"CH\u1ee2 C\u01a0 KH\u00cd - CTY H\u1ed2 GIA PH\u00c1T\" height=\"16\" src=\"https:\/\/chocokhi.vn\/wp-content\/uploads\/2024\/03\/icon1-1.gif\" style=\"margin: 0px;padding: 0px;height: auto;max-width: 100%\" width=\"16\">\u00a0M\u00e1y \u0111\u01b0\u1ee3c nh\u1eadp nguy\u00ean chi\u1ebfc t\u1eeb\u00a0<strong style=\"margin: 0px;padding: 0px\">\u0110\u00e0i Loan<\/strong><\/span><\/span><\/span><\/td>\n<\/tr>\n<tr style=\"margin: 0px;padding: 0px;height: 21px\">\n<td align=\"left\" height=\"21\" style=\"margin: 0px;padding: 0px;height: 21px\"><span style='margin: 0px;padding: 0px;font-family: \"times new roman\", times, serif'><span style=\"margin: 0px;padding: 0px\"><span style=\"margin: 0px;padding: 0px;font-size: 14px\"><img loading=\"lazy\" decoding=\"async\" alt=\"CH\u1ee2 C\u01a0 KH\u00cd - CTY H\u1ed2 GIA PH\u00c1T\" height=\"16\" src=\"https:\/\/chocokhi.vn\/wp-content\/uploads\/2024\/03\/icon1-1.gif\" style=\"margin: 0px;padding: 0px;height: auto;max-width: 100%\" width=\"16\">\u00a0T\u00edch h\u1ee3p C\u00f4ng ngh\u1ec7\u00a0<\/span><\/span>\u00a0Smart NC-100\u00a0ch\u1ea1y t\u1ef1 \u0111\u1ed9ng 100 ch\u01b0\u01a1ng tr\u00ecnh\u00a0<\/span><\/td>\n<\/tr>\n<tr style=\"margin: 0px;padding: 0px;height: 21px\">\n<td align=\"left\" height=\"21\" style=\"margin: 0px;padding: 0px;height: 21px\"><span style='margin: 0px;padding: 0px;font-family: \"times new roman\", times, serif'><span style=\"margin: 0px;padding: 0px\"><span style=\"margin: 0px;padding: 0px;font-size: 14px\"><img loading=\"lazy\" decoding=\"async\" alt=\"CH\u1ee2 C\u01a0 KH\u00cd - CTY H\u1ed2 GIA PH\u00c1T\" height=\"16\" src=\"https:\/\/chocokhi.vn\/wp-content\/uploads\/2024\/03\/icon1-1.gif\" style=\"margin: 0px;padding: 0px;height: auto;max-width: 100%\" width=\"16\">\u00a0<\/span><\/span><span style=\"margin: 0px;padding: 0px\">H\u1ec7 th\u1ed1ng m\u00e1y l\u00e0m m\u00e1t ho\u1ea1t \u0111\u1ed9ng li\u00ean t\u1ee5c.<\/span><\/span><\/td>\n<\/tr>\n<tr style=\"margin: 0px;padding: 0px;height: 21px\">\n<td align=\"left\" height=\"21\" style=\"margin: 0px;padding: 0px;height: 21px\"><span style='margin: 0px;padding: 0px;font-family: \"times new roman\", times, serif'><span style=\"margin: 0px;padding: 0px\"><img loading=\"lazy\" decoding=\"async\" alt=\"CH\u1ee2 C\u01a0 KH\u00cd - CTY H\u1ed2 GIA PH\u00c1T\" height=\"15\" src=\"https:\/\/chocokhi.vn\/wp-content\/uploads\/2024\/03\/icon1-1.gif\" style=\"margin: 0px;padding: 0px;height: auto;max-width: 100%\" width=\"15\">\u00a0<\/span><span style=\"margin: 0px;padding: 0px;font-size: 14px\">C\u00f3 th\u1ec3 \u0111i\u1ec1u ch\u1ec9nh t\u1ed1c \u0111\u1ed9,b\u01b0\u1edbc \u0103n ph\u00f4i ri\u00eang<\/span><\/span><\/td>\n<\/tr>\n<tr style=\"margin: 0px;padding: 0px;height: 21px\">\n<td align=\"left\" height=\"21\" style=\"margin: 0px;padding: 0px;height: 21px\"><span style='margin: 0px;padding: 0px;font-family: \"times new roman\", times, serif'><img loading=\"lazy\" decoding=\"async\" alt=\"CH\u1ee2 C\u01a0 KH\u00cd - CTY H\u1ed2 GIA PH\u00c1T\" height=\"15\" src=\"https:\/\/chocokhi.vn\/wp-content\/uploads\/2024\/03\/icon1-1.gif\" style=\"margin: 0px;padding: 0px;height: auto;max-width: 100%\" width=\"15\">\u00a0C\u1eaft \u0111\u01b0\u1ee3c nhi\u1ec1u v\u1eadt li\u1ec7u c\u00f3 \u0111\u1ed9 c\u1ee9ng cao<\/span><\/td>\n<\/tr>\n<tr style=\"margin: 0px;padding: 0px;height: 23px\">\n<td align=\"left\" height=\"23\" style=\"margin: 0px;padding: 0px;height: 23px;width: 515px\"><span style='margin: 0px;padding: 0px;font-family: \"times new roman\", times, serif'><span style=\"margin: 0px;padding: 0px\"><span style=\"margin: 0px;padding: 0px;font-size: 14px\"><img loading=\"lazy\" decoding=\"async\" alt=\"CH\u1ee2 C\u01a0 KH\u00cd - CTY H\u1ed2 GIA PH\u00c1T\" height=\"15\" src=\"https:\/\/chocokhi.vn\/wp-content\/uploads\/2024\/03\/icon1-1.gif\" style=\"margin: 0px;padding: 0px;height: auto;max-width: 100%\" width=\"15\">\u00a0B\u1ea3o h\u00e0nh :\u00a0<strong style=\"margin: 0px;padding: 0px\">12 th\u00e1ng<\/strong><\/span><\/span><\/span><\/td>\n<\/tr>\n<tr style=\"margin: 0px;padding: 0px;height: 23px\">\n<td align=\"left\" height=\"23\" style=\"margin: 0px;padding: 0px;height: 23px;width: 515px\"><span style='margin: 0px;padding: 0px;font-family: \"times new roman\", times, serif'><span style=\"margin: 0px;padding: 0px\"><span style=\"margin: 0px;padding: 0px;font-size: 14px\"><img loading=\"lazy\" decoding=\"async\" alt=\"CH\u1ee2 C\u01a0 KH\u00cd - CTY H\u1ed2 GIA PH\u00c1T\" height=\"15\" src=\"https:\/\/chocokhi.vn\/wp-content\/uploads\/2024\/03\/icon1-1.gif\" style=\"margin: 0px;padding: 0px;height: auto;max-width: 100%\" width=\"15\">T\u00ecnh tr\u1ea1ng:\u00a0<strong style=\"margin: 0px;padding: 0px\"><span style=\"margin: 0px;padding: 0px\">S\u1ea3n xu\u1ea5t t\u1eeb 30-40 ng\u00e0y.<\/span><\/strong><\/span><\/span><\/span><\/td>\n<\/tr>\n<tr style=\"margin: 0px;padding: 0px;height: 23px\">\n<td align=\"left\" height=\"23\" style=\"margin: 0px;padding: 0px;height: 23px;width: 515px\"><span style='margin: 0px;padding: 0px;font-family: \"times new roman\", times, serif'><span style=\"margin: 0px;padding: 0px\"><span style=\"margin: 0px;padding: 0px;font-size: 14px\"><img loading=\"lazy\" decoding=\"async\" alt=\"CH\u1ee2 C\u01a0 KH\u00cd - CTY H\u1ed2 GIA PH\u00c1T\" height=\"16\" src=\"https:\/\/chocokhi.vn\/wp-content\/uploads\/2024\/03\/icon1-1.gif\" style=\"margin: 0px;padding: 0px;height: auto;max-width: 100%\" width=\"16\">\u00a0Kh\u1ea3o s\u00e1t, t\u01b0 v\u1ea5n cung c\u1ea5p gi\u1ea3i ph\u00e1p t\u1ed1i \u01b0u<\/span><\/span><\/span><\/td>\n<\/tr>\n<tr style=\"margin: 0px;padding: 0px;height: 23px\">\n<td align=\"left\" height=\"23\" style=\"margin: 0px;padding: 0px;height: 23px;width: 515px\"><span style='margin: 0px;padding: 0px;font-family: \"times new roman\", times, serif'><span style=\"margin: 0px;padding: 0px\"><span style=\"margin: 0px;padding: 0px;font-size: 14px\"><img loading=\"lazy\" decoding=\"async\" alt=\"CH\u1ee2 C\u01a0 KH\u00cd - CTY H\u1ed2 GIA PH\u00c1T\" height=\"15\" src=\"https:\/\/chocokhi.vn\/wp-content\/uploads\/2024\/03\/icon1-1.gif\" style=\"margin: 0px;padding: 0px;height: auto;max-width: 100%\" width=\"15\">\u00a0D\u1ecbch v\u1ee5 h\u1eadu m\u00e3i nhanh ch\u00f3ng chuy\u00ean nghi\u1ec7p<\/span><\/span><\/span><\/td>\n<\/tr>\n<tr style=\"margin: 0px;padding: 0px;height: 23px\">\n<td align=\"left\" height=\"23\" style=\"margin: 0px;padding: 0px;height: 23px;width: 515px\"><span style='margin: 0px;padding: 0px;font-family: \"times new roman\", times, serif'><span style=\"margin: 0px;padding: 0px\"><span style=\"margin: 0px;padding: 0px;font-size: 14px\"><img loading=\"lazy\" decoding=\"async\" alt=\"CH\u1ee2 C\u01a0 KH\u00cd - CTY H\u1ed2 GIA PH\u00c1T\" height=\"16\" src=\"https:\/\/chocokhi.vn\/wp-content\/uploads\/2024\/03\/icon1-1.gif\" style=\"margin: 0px;padding: 0px;height: auto;max-width: 100%\" width=\"16\">Gi\u00e1 th\u00e0nh c\u1ea1nh tranh nh\u1ea5t<\/span><\/span><\/span><\/td>\n<\/tr>\n<tr style=\"margin: 0px;padding: 0px;height: 23px\">\n<td align=\"left\" height=\"23\" style=\"margin: 0px;padding: 0px;height: 23px;width: 515px\">\n<table border=\"0\" cellpadding=\"0\" cellspacing=\"0\" style=\"margin: 0px;padding: 0px;border-collapse: collapse;width: 515px\" width=\"515\">\n<tbody style=\"margin: 0px;padding: 0px\">\n<tr style=\"margin: 0px;padding: 0px;height: 23px\">\n<td align=\"left\" height=\"23\" style=\"margin: 0px;padding: 0px;height: 23px;width: 515px\"><span style='margin: 0px;padding: 0px;font-family: \"times new roman\", times, serif'><span style=\"margin: 0px;padding: 0px\"><span style=\"margin: 0px;padding: 0px;font-size: 14px\"><img loading=\"lazy\" decoding=\"async\" alt=\"CH\u1ee2 C\u01a0 KH\u00cd - CTY H\u1ed2 GIA PH\u00c1T\" height=\"16\" src=\"https:\/\/chocokhi.vn\/wp-content\/uploads\/2024\/03\/icon1-1.gif\" style=\"margin: 0px;padding: 0px;height: auto;max-width: 100%\" width=\"16\">\u00a0Linh ki\u1ec7n lu\u00f4n c\u00f3 s\u1eb5n \u0111\u1ec3 \u0111\u00e1p \u1ee9ng nhu c\u1ea7u thay th\u1ebf<\/span><\/span><\/span><\/td>\n<\/tr>\n<tr style=\"margin: 0px;padding: 0px;height: 23px\">\n<td align=\"left\" height=\"23\" style=\"margin: 0px;padding: 0px;height: 23px;width: 515px\"><span style='margin: 0px;padding: 0px;font-family: \"times new roman\", times, serif'><span style=\"margin: 0px;padding: 0px\"><span style=\"margin: 0px;padding: 0px;font-size: 14px\"><img loading=\"lazy\" decoding=\"async\" alt=\"CH\u1ee2 C\u01a0 KH\u00cd - CTY H\u1ed2 GIA PH\u00c1T\" height=\"15\" src=\"https:\/\/chocokhi.vn\/wp-content\/uploads\/2024\/03\/icon1-1.gif\" style=\"margin: 0px;padding: 0px;height: auto;max-width: 100%\" width=\"15\">\u00a0H\u1ed7 tr\u1ee3 t\u01b0 v\u1ea5n 24\/7, uy t\u00edn, trung th\u1ef1c<\/span><\/span><\/span><\/td>\n<\/tr>\n<tr style=\"margin: 0px;padding: 0px;height: 23px\">\n<td align=\"left\" height=\"23\" style=\"margin: 0px;padding: 0px;height: 23px;width: 515px\"><span style='margin: 0px;padding: 0px;font-family: \"times new roman\", times, serif'><span style=\"margin: 0px;padding: 0px\"><span style=\"margin: 0px;padding: 0px;font-size: 14px\"><img loading=\"lazy\" decoding=\"async\" alt=\"CH\u1ee2 C\u01a0 KH\u00cd - CTY H\u1ed2 GIA PH\u00c1T\" height=\"16\" src=\"https:\/\/chocokhi.vn\/wp-content\/uploads\/2024\/03\/icon1-1.gif\" style=\"margin: 0px;padding: 0px;height: auto;max-width: 100%\" width=\"16\"><\/span><\/span><span style=\"margin: 0px;padding: 0px;font-size: 14px\">\u00a0Gi\u00e1 th\u00e0nh c\u1ea1nh tranh nh\u1ea5t<\/span><\/span><\/td>\n<\/tr>\n<tr style=\"margin: 0px;padding: 0px;height: 23px\">\n<td align=\"left\" height=\"23\" style=\"margin: 0px;padding: 0px;height: 23px;width: 515px\"><span style='margin: 0px;padding: 0px;font-family: \"times new roman\", times, serif'><span style=\"margin: 0px;padding: 0px\"><span style=\"margin: 0px;padding: 0px;font-size: 14px\"><img loading=\"lazy\" decoding=\"async\" alt=\"CH\u1ee2 C\u01a0 KH\u00cd - CTY H\u1ed2 GIA PH\u00c1T\" height=\"16\" src=\"https:\/\/chocokhi.vn\/wp-content\/uploads\/2024\/03\/icon1-1.gif\" style=\"margin: 0px;padding: 0px;height: auto;max-width: 100%\" width=\"16\"><\/span><\/span><strong style=\"margin: 0px;padding: 0px\"><span style=\"margin: 0px;padding: 0px;font-size: 14px\">\u00a0Giao h\u00e0ng mi\u1ec5n ph\u00ed<\/span><\/strong><\/span><\/td>\n<\/tr>\n<\/tbody>\n<\/table>\n<\/td>\n<\/tr>\n<\/tbody>\n<\/table>\n<\/div>\n","protected":false},"featured_media":4073,"comment_status":"closed","ping_status":"closed","template":"","meta":[],"product_brand":[],"product_cat":[60],"product_tag":[],"class_list":{"0":"post-4072","1":"product","2":"type-product","3":"status-publish","4":"has-post-thumbnail","6":"product_cat-may-cua-vong","8":"first","9":"instock","10":"shipping-taxable","11":"product-type-simple"},"_links":{"self":[{"href":"https:\/\/chocokhi.vn\/index.php?rest_route=\/wp\/v2\/product\/4072","targetHints":{"allow":["GET"]}}],"collection":[{"href":"https:\/\/chocokhi.vn\/index.php?rest_route=\/wp\/v2\/product"}],"about":[{"href":"https:\/\/chocokhi.vn\/index.php?rest_route=\/wp\/v2\/types\/product"}],"replies":[{"embeddable":true,"href":"https:\/\/chocokhi.vn\/index.php?rest_route=%2Fwp%2Fv2%2Fcomments&post=4072"}],"wp:featuredmedia":[{"embeddable":true,"href":"https:\/\/chocokhi.vn\/index.php?rest_route=\/wp\/v2\/media\/4073"}],"wp:attachment":[{"href":"https:\/\/chocokhi.vn\/index.php?rest_route=%2Fwp%2Fv2%2Fmedia&parent=4072"}],"wp:term":[{"taxonomy":"product_brand","embeddable":true,"href":"https:\/\/chocokhi.vn\/index.php?rest_route=%2Fwp%2Fv2%2Fproduct_brand&post=4072"},{"taxonomy":"product_cat","embeddable":true,"href":"https:\/\/chocokhi.vn\/index.php?rest_route=%2Fwp%2Fv2%2Fproduct_cat&post=4072"},{"taxonomy":"product_tag","embeddable":true,"href":"https:\/\/chocokhi.vn\/index.php?rest_route=%2Fwp%2Fv2%2Fproduct_tag&post=4072"}],"curies":[{"name":"wp","href":"https:\/\/api.w.org\/{rel}","templated":true}]}}